i**3 + 7*i**2 + 19 - 7*i + 5*i + 3*i. Let c be k(8). Suppose -c*y + y = -2*v + 8, -4*v = y - 6. Calculate the highest common factor of 2 and v.
2
Suppose -2*m = 6, 5*y - 3*m = -0*y + 19. Let s be (-43)/(-3) - (-14)/21. Let c = s + y. What is the greatest common factor of 136 and c?
17
Let m = 343 - 305. Calculate the greatest common factor of 874 and m.
38
Suppose 2*m - 5*i = 0, -i = 4*m - 4*i. Suppose m = 2*q - 52 - 8. Let b = -33 - -53. Calculate the greatest common factor of q and b.
10
Suppose 4*j - 3*r - 168 = 0, -5*j - 2*r + 3*r = -199. Let w(t) = 10*t**2 + 2*t + 3. Let s be w(-2). What is the highest common divisor of s and j?
39
Suppose 18*i - 101 = 853. Calculate the greatest common factor of 2 and i.
1
Let r(g) = -g**3 + 4*g**2 + 20*g - 1. Let z be r(7). Let l be ((13 - 1)/(-1))/1. Let j be (-423)/l - 6/z. Calculate the greatest common factor of j and 24.
12
Let s(r) = 17*r**2 + r. Let w be s(1). Let p = w - 20. Let h be 9/((-18)/(-92)) + p. Calculate the highest common factor of h and 66.
22
Let r be 5 - (6 - (-4 - -33)). Calculate the greatest common factor of 4 and r.
4
Suppose 0 = -z + 7 + 28. Let v = 9 - -5. What is the highest common divisor of v and z?
7
Let b(y) = y**2 - 4*y + 4. Let r be b(4). Let z be 3/6 - (-30)/r. Calculate the highest common factor of z and 4.
4
Let x be 6*(-8)/(-384) - ((-2037)/8)/3. Let j = -26 - -43. What is the highest common divisor of x and j?
17
Let f = -42 - -45. Suppose f*c - 3*x - 2 = 13, 3*x = 4*c - 21. What is the greatest common divisor of 18 and c?
6
Suppose -33 = -j + 5*j - a, 18 = -2*j + 2*a. Let n(w) = -w - 3. Let h be n(j). Let d = 4 + 21. What is the highest common factor of h and d?
5
Suppose -17*d = -21*d + 1548. Calculate the greatest common factor of 9 and d.
9
Let k = 778 + -773. What is the greatest common factor of k and 135?
5
Let g = -60 - -30. Let y be (-2*(-5)/g)/(2/(-66)). Calculate the highest common divisor of 22 and y.
11
Suppose -2*l + 0*l = 5*j, -4*j - 3*l - 7 = 0. Let y(g) = g**2 + 15*g - 13 + 5 - 2*g**j. Let f be y(14). Calculate the greatest common divisor of 9 and f.
3
Let l be 142/(-71)*(-104 + -1). Calculate the greatest common divisor of l and 735.
105
Let s = 30 + 0. Suppose -4*f + 66 = 3*v - 0*v, 3*f - 43 = v. Let r be 39/9 - (-10)/f. Calculate the greatest common divisor of r and s.
5
Suppose -m + 3*n = -126 + 30, -2*m + 200 = -4*n. Let q = 14158 + -14146. What is the greatest common factor of q and m?
12
Suppose 0 = -3*i - 24*i + 5265. What is the highest common factor of 15 and i?
15
Let o be (4/8)/((-7)/(-70)). Suppose -3*a + l + 423 = 0, 0 = 4*a + o*l - 583 + 19. What is the greatest common factor of a and 47?
47
Let h be 260/(-8)*(-16)/10. Let c = 55 - h. What is the highest common factor of 3 and c?
3
Let r be (4 - (-124)/(-28)) + 31/7. Suppose 3*a - 1279 = 3*n + 20, -r*a - 2*n = -1738. Calculate the greatest common factor of a and 62.
62
Let g = -24 - -760. Suppose 0 = 6*s - 2*s + g. Let n = -130 - s. What is the greatest common divisor of 6 and n?
6
Let r(p) be the second derivative of p**4/12 + 5*p**3/6 - 6*p**2 - 6*p. Let x = -27 - -15. Let w be r(x). What is the highest common divisor of w and 12?
12
Let f(b) = 54*b - 7. Let z be f(-4). Let x = -119 - z. What is the highest common divisor of x and 13?
13
Let j(q) = 19*q**2 + q - 1. Let c be j(1). Let v = 257 + -86. Calculate the greatest common factor of c and v.
19
Suppose 2*o + 4*x = 634, 5*x = -0 + 5. Let s = o + -225. What is the greatest common factor of s and 36?
18
Let u be -3*(5/3 + -4). Suppose 2*z - u = 1. Suppose y + 3*d - 39 = 43, 2*y = z*d + 174. Calculate the highest common divisor of y and 34.
17
Suppose -252 = -7*f - 49. What is the greatest common factor of 406 and f?
29
Suppose 4*s - 90 = -5*w + 85, -4*s + 3*w + 151 = 0. Calculate the highest common divisor of 100 and s.
20
Let y = -1851 - -1904. What is the greatest common divisor of y and 848?
53
Let x = 974 - 484. What is the highest common divisor of x and 70?
70
Let j(z) = 12*z - 7. Let b be j(3). Suppose -b = -4*v + v - d, -v - 4*d + 17 = 0. Calculate the greatest common divisor of 63 and v.
9
Let d = 7 + -4. Let k be (-36)/20*(-275)/33. Calculate the highest common factor of k and d.
3
Suppose 9 = -3*c - 6. Let v = c - -49. Suppose 4*z + d = 48, 17 = 2*z + 2*d - 13. What is the greatest common divisor of z and v?
11
Let n(g) = g**3 + 7*g**2 - 9*g + 6. Let m be n(-8). Suppose 0*j = 2*c + 2*j - 34, -c + 2*j = -8. What is the greatest common divisor of m and c?
14
Let c(f) = f**3 - 2*f**2 - 12*f + 9. Suppose -14 = k + 4*a + a, -4*a - 34 = -3*k. Let t be c(k). Calculate the highest common divisor of t and 9.
9
Let u = 147 - 93. Let o(w) be the first derivative of -w**4/4 - 7*w**3/3 - w**2 + 4*w + 1. Let x be o(-7). Calculate the highest common factor of x and u.
18
Suppose -142 + 307 = 3*k. Calculate the greatest common divisor of 99 and k.
11
Let g(u) = 195*u**3 - u**2 + 6*u - 5. Let f be g(1). What is the highest common factor of f and 30?
15
Let w be (9 - 4)*(-2)/(-10). Suppose 3*b = 4*j + 22, 0 + 20 = -5*j. What is the highest common divisor of w and b?
1
Suppose -728*c = -725*c - 72. What is the greatest common divisor of c and 768?
24
Suppose -3*y - 41*a = -39*a - 629, y - 214 = -5*a. Calculate the highest common factor of 22 and y.
11
Let m be ((-15)/(-4))/(9/432). Calculate the greatest common factor of 40 and m.
20
Let r(w) = w**2 + 2*w + 13. Let l be r(-5). What is the greatest common divisor of l and 7?
7
Let b = 150 + 61. Suppose -13*o - 1833 + 650 = 0. Let r = o + b. Calculate the greatest common divisor of 24 and r.
24
Let t = 23 - 30. Let w(s) = s**2 + 5*s - 4. Let v be w(t). Calculate the highest common factor of 5 and v.
5
Suppose 0*v + 3*v + 33 = 0. Let o = -9 - v. Let l be 1/o*-6 + 29. What is the greatest common divisor of 52 and l?
26
Suppose 0 = -5*j - 28 + 48. What is the highest common factor of 12 and j?
4
Suppose -5*w - 5*m + 470 = 0, -2*w + 58 = -m - 118. Calculate the highest common factor of w and 75.
15
Let d(l) = -l**3 + 4*l. Let q be d(2). Suppose q = 4*m + 2*w - 32, -44 = -4*m - 8*w + 3*w. Calculate the greatest common factor of m and 4.
2
Let c be ((-20)/5 - -6)/(7/28). Let n = -11 - -75. Calculate the highest common divisor of c and n.
8
Let l(q) = 0*q + 4*q - 9 - 5*q. Let u be l(-7). Let s be (-2160)/32*4/u. What is the greatest common divisor of 27 and s?
27
Suppose -127 = -2*d + 5*y, -d - 62 = -2*d + 2*y. Let f = -46 + d. Let r be 81/4 + (-2)/8. Calculate the greatest common divisor of f and r.
10
Suppose -4*p - 5*w = -93, p + 2*w = -4*p + 129. Calculate the greatest common factor of 63 and p.
9
Let l(x) be the first derivative of x**2 + 8*x - 47. Let k be (-2*11)/(-2 + 0). Let a be l(k). What is the highest common factor of 15 and a?
15
Suppose 2*m = -0*m. Suppose d - 15 = -m*d. Calculate the greatest common factor of d and 5.
5
Suppose 4*a = -2*f + 20, 0 = 15*a - 10*a - 15. What is the greatest common divisor of 60 and f?
4
Suppose 28 = z - 16. Calculate the greatest common divisor of z and 528.
44
Suppose 8 = m + 1. What is the greatest common factor of 35 and m?
7
Suppose -13*r + 8*r + 965 = 0. Let g = -121 + r. What is the highest common divisor of 48 and g?
24
Let z(k) = -k**2 + 14*k + 4. Let o be z(14). Suppose -s + 0*s - 21 = 0. Let x = s - -57. What is the highest common divisor of x and o?
4
Suppose 0 = 5*i - 0*i - 25. Let k(a) = a**2 + a + 25. Let c be k(0). Suppose t - c = -5. Calculate the highest common factor of t and i.
5
Let y be (5/1)/(-5)*-37 - -3. What is the highest common factor of y and 16?
8
Let w = 60 - 32. Let p = 75 + -33. What is the highest common divisor of p and w?
14
Let l = -31 - -49. What is the highest common divisor of l and 558?
18
Let l be 59 + (8 - (8 + 3)). What is the highest common divisor of l and 6?
2
Let m = -8 - -15. Suppose 3*c + a - 34 = 0, -2*a = 3*c - m*a - 46. Suppose 3*f + c = 6*f. Calculate the greatest common divisor of f and 2.
2
Suppose -3*n - 69 = -4*n. Let i = 124 - 101. What is the greatest common factor of i and n?
23
Let f = 34 - -16. Suppose 5*l + 8*h - f = 3*h, -5*l = -3*h - 50. Suppose -4*u + 16 = 4*z, 0 = -2*u - 0*u - l. What is the greatest common divisor of z and 99?
9
Suppose -4*t - 96 = -4*d, 9 = d + 3*t - 27. Let v =